f 95 and 2641.
19
Calculate the greatest common divisor of 13 and 1.
1
Calculate the greatest common divisor of 1990 and 10.
10
What is the highest common factor of 101 and 505?
101
What is the greatest common factor of 595 and 3332?
119
Calculate the greatest common divisor of 40 and 185.
5
What is the greatest common factor of 30 and 20310?
30
Calculate the highest common factor of 144 and 108.
36
Calculate the greatest common factor of 16 and 4592.
16
Calculate the greatest common divisor of 43 and 1161.
43
Calculate the greatest common divisor of 50 and 310.
10
Calculate the greatest common factor of 42 and 861.
21
Calculate the highest common divisor of 5955 and 15.
15
Calculate the greatest common factor of 42 and 723.
3
Calculate the highest common factor of 58 and 9077.
29
What is the greatest common divisor of 198 and 121?
11
Calculate the greatest common divisor of 170 and 374.
34
What is the greatest common factor of 5568 and 1218?
174
Calculate the greatest common divisor of 14931 and 567.
189
What is the highest common divisor of 1764 and 72?
36
What is the highest common factor of 552 and 667?
23
Calculate the greatest common factor of 100 and 445.
5
What is the highest common divisor of 65 and 3055?
65
What is the greatest common factor of 45 and 685?
5
What is the highest common factor of 6804 and 27?
27
What is the highest common factor of 340 and 2176?
68
What is the highest common divisor of 32 and 544?
32
Calculate the highest common factor of 425 and 75.
25
What is the greatest common factor of 1333 and 837?
31
What is the greatest common divisor of 1681 and 123?
41
What is the greatest common factor of 40 and 1160?
40
What is the greatest common factor of 1350 and 50?
50
What is the highest common divisor of 1509 and 3?
3
What is the greatest common divisor of 4 and 298?
2
Calculate the highest common divisor of 2737 and 357.
119
Calculate the highest common divisor of 405 and 120.
15
Calculate the greatest common divisor of 96 and 108.
12
Calculate the greatest common divisor of 30 and 15.
15
Calculate the highest common factor of 112 and 1484.
28
What is the greatest common factor of 984 and 12?
12
Calculate the greatest common divisor of 120 and 80.
40
What is the highest common divisor of 768 and 48?
48
What is the highest common factor of 6588 and 156?
12
Calculate the highest common factor of 6909 and 188.
47
Calculate the highest common factor of 8 and 216.
8
Calculate the greatest common factor of 9734 and 31.
31
What is the greatest common factor of 34 and 8194?
34
Calculate the greatest common divisor of 221 and 68.
17
Calculate the highest common factor of 33 and 3113.
11
What is the highest common divisor of 832 and 52?
52
Calculate the greatest common divisor of 54 and 39.
3
Calculate the greatest common divisor of 11 and 77.
11
Calculate the greatest common divisor of 146 and 438.
146
Calculate the highest common divisor of 19 and 13.
1
Calculate the greatest common divisor of 327 and 5.
1
Calculate the highest common divisor of 1 and 64.
1
Calculate the greatest common factor of 2560 and 40.
40
What is the greatest common factor of 29 and 3422?
29
What is the greatest common divisor of 23 and 3680?
23
Calculate the highest common divisor of 5017 and 58.
29
What is the highest common divisor of 85 and 459?
17
Calculate the highest common divisor of 2000 and 25.
25
Calculate the greatest common divisor of 168 and 882.
42
Calculate the highest common divisor of 10 and 80.
10
What is the greatest common divisor of 62 and 1426?
62
What is the greatest common factor of 11871 and 9?
9
Calculate the greatest common factor of 104 and 4602.
26
What is the greatest common factor of 8010 and 1424?
178
What is the greatest common divisor of 1248 and 12?
12
What is the highest common divisor of 115 and 184?
23
Calculate the highest common divisor of 16043 and 61.
61
Calculate the highest common divisor of 574 and 14.
14
What is the greatest common divisor of 309 and 721?
103
What is the greatest common factor of 50 and 30575?
25
What is the highest common divisor of 252 and 9504?
36
Calculate the greatest common factor of 27700 and 40.
20
What is the greatest common divisor of 8 and 7736?
8
What is the highest common divisor of 66 and 154?
22
What is the highest common factor of 83 and 2?
1
What is the greatest common divisor of 1026 and 450?
18
What is the highest common divisor of 822 and 6?
6
What is the highest common divisor of 335 and 201?
67
Calculate the greatest common factor of 51 and 34.
17
What is the greatest common divisor of 441 and 63?
63
What is the highest common factor of 108 and 351?
27
What is the greatest common factor of 48 and 80?
16
What is the greatest common divisor of 913 and 1411?
83
Calculate the highest common divisor of 27 and 963.
9
Calculate the greatest common divisor of 497 and 14.
7
What is the highest common factor of 69 and 18699?
69
Calculate the greatest common factor of 204 and 192.
12
Calculate the highest common divisor of 703 and 513.
19
What is the greatest common divisor of 50219 and 13?
13
What is the greatest common divisor of 832 and 39?
13
Calculate the greatest common divisor of 210 and 28.
14
Calculate the highest common divisor of 28 and 56.
28
What is the greatest common factor of 60 and 110?
10
What is the greatest common divisor of 756 and 14868?
252
Calculate the highest common factor of 26 and 611.
13
What is the highest common divisor of 70 and 595?
35
What is the greatest common factor of 45 and 1719?
9
Calculate the highest common divisor of 224 and 7.
7
What is the greatest common divisor of 688 and 176?
16
Calculate the greatest common factor of 45 and 66645.
45
What is the greatest common factor of 1476 and 648?
36
What is the greatest common factor of 33 and 341?
11
Calculate the greatest common factor of 13611 and 429.
39
Calculate the highest common divisor of 42 and 12.
6
Calculate the highest common factor of 2624 and 82.
82
Calculate the highest common divisor of 206 and 2987.
103
What is the greatest common factor of 14194 and 94?
94
What is the greatest common factor of 4 and 348?
4
What is the highest common factor of 288 and 144?
144
Calculate the highest common factor of 1524 and 12.
12
What is the greatest common divisor of 176 and 33?
11
What is the greatest common divisor of 534 and 3382?
178
Calculate the highest common divisor of 215 and 1849.
43
What is the highest common divisor of 3108 and 21?
21
Calculate the highest common factor of 2484 and 2916.
108
What is the highest common factor of 296 and 37?
37
What is the highest common divisor of 550 and 4?
2
Calculate the highest common divisor of 14 and 26173.
7
Calculate the highest common divisor of 603 and 2613.
201
Calculate the highest common divisor of 217 and 287.
7
Calculate the highest common factor of 71 and 2059.
71
What is the highest common divisor of 208 and 286?
26
Calculate the greatest common factor of 2508 and 319.
11
Calculate the greatest common divisor of 156 and 3.
3
Calculate the highest common factor of 520 and 728.
104
What is the highest common divisor of 1 and 19?
1
What is the greatest common factor of 69 and 21?
3
What is the greatest common factor of 4185 and 108?
27
Calculate the highest common divisor of 500 and 300.
100
Calculate the greatest common factor of 26790 and 30.
30
What is the highest common factor of 140 and 56?
28
What is the greatest common factor of 154 and 1793?
11
What is the highest common factor of 16 and 656?
16
What is the greatest common divisor of 28 and 12?
4
Calculate the highest common divisor of 48 and 7680.
48
Calculate the highest common factor of 840 and 70.
70
Calculate the greatest common factor of 192 and 80.
16
What is the greatest common factor of 2944 and 384?
128
What is the greatest common divisor of 8 and 1412?
4
Calculate the greatest common factor of 253 and 121.
11
What is the greatest common factor of 55 and 115?
5
Calculate the highest common factor of 35 and 55.
5
What is the greatest common divisor of 11 and 3?
1
Calculate the highest common factor of 71 and 47783.
71
What is the greatest common divisor of 24 and 344?
8
Calculate the greatest common factor of 15 and 855.
15
What is the greatest common divisor